{"id":171,"date":"2025-09-13T10:46:49","date_gmt":"2025-09-13T10:46:49","guid":{"rendered":"http:\/\/www.verigo.hmcloud.pl\/?page_id=171"},"modified":"2025-09-18T07:38:37","modified_gmt":"2025-09-18T07:38:37","slug":"plaszcze-2","status":"publish","type":"page","link":"https:\/\/www.verigo.hmcloud.pl\/index.php\/verigo-ubrania-gotowe\/plaszcze-2\/","title":{"rendered":"p\u0142aszcze, kurtki"},"content":{"rendered":"\n<p class=\"has-larger-font-size\">p\u0142aszcze, kurtki &#8211; nasz styl<\/p>\n\n\n\n<p>W sklepie mamy wzory \u017cakiet\u00f3w, ale w zasadzie \u017cakiety, podobnie jak p\u0142aszcze, szyjemy  na zm\u00f3wienie. Jedynie l\u017cejsze kurtki i kamizelki szyjemy bez zam\u00f3wienia, do wyboru w sklepie.<\/p>\n\n\n\n<div class=\"wp-block-columns is-layout-flex wp-container-core-columns-is-layout-9d6595d7 wp-block-columns-is-layout-flex\">\n<div class=\"wp-block-column is-layout-flow wp-block-column-is-layout-flow\">\n<figure class=\"wp-block-image size-large\"><img loading=\"lazy\" decoding=\"async\" width=\"445\" height=\"1024\" src=\"http:\/\/www.verigo.hmcloud.pl\/wp-content\/uploads\/2025\/09\/IMG_2804-445x1024.jpg\" alt=\"p\u0142aszcz we\u0142niany\" class=\"wp-image-396\" srcset=\"https:\/\/www.verigo.hmcloud.pl\/wp-content\/uploads\/2025\/09\/IMG_2804-445x1024.jpg 445w, https:\/\/www.verigo.hmcloud.pl\/wp-content\/uploads\/2025\/09\/IMG_2804-131x300.jpg 131w, https:\/\/www.verigo.hmcloud.pl\/wp-content\/uploads\/2025\/09\/IMG_2804-768x1765.jpg 768w, https:\/\/www.verigo.hmcloud.pl\/wp-content\/uploads\/2025\/09\/IMG_2804-668x1536.jpg 668w, https:\/\/www.verigo.hmcloud.pl\/wp-content\/uploads\/2025\/09\/IMG_2804.jpg 844w\" sizes=\"auto, (max-width: 445px) 100vw, 445px\" \/><\/figure>\n<\/div>\n\n\n\n<div class=\"wp-block-column is-layout-flow wp-block-column-is-layout-flow\">\n<figure class=\"wp-block-image size-large is-resized\"><img loading=\"lazy\" decoding=\"async\" width=\"311\" height=\"1024\" src=\"http:\/\/www.verigo.hmcloud.pl\/wp-content\/uploads\/2025\/09\/IMG_2815-311x1024.jpg\" alt=\"kurtka we\u0142niana\" class=\"wp-image-397\" style=\"width:181px;height:auto\" srcset=\"https:\/\/www.verigo.hmcloud.pl\/wp-content\/uploads\/2025\/09\/IMG_2815-311x1024.jpg 311w, https:\/\/www.verigo.hmcloud.pl\/wp-content\/uploads\/2025\/09\/IMG_2815-91x300.jpg 91w, https:\/\/www.verigo.hmcloud.pl\/wp-content\/uploads\/2025\/09\/IMG_2815-466x1536.jpg 466w, https:\/\/www.verigo.hmcloud.pl\/wp-content\/uploads\/2025\/09\/IMG_2815.jpg 529w\" sizes=\"auto, (max-width: 311px) 100vw, 311px\" \/><\/figure>\n<\/div>\n\n\n\n<div class=\"wp-block-column is-layout-flow wp-block-column-is-layout-flow\">\n<figure class=\"wp-block-image size-large is-resized\"><img loading=\"lazy\" decoding=\"async\" width=\"387\" height=\"1024\" src=\"http:\/\/www.verigo.hmcloud.pl\/wp-content\/uploads\/2025\/09\/IMG_2817-387x1024.jpg\" alt=\"kurtka we\u0142niana\" class=\"wp-image-398\" style=\"width:228px;height:auto\" srcset=\"https:\/\/www.verigo.hmcloud.pl\/wp-content\/uploads\/2025\/09\/IMG_2817-387x1024.jpg 387w, https:\/\/www.verigo.hmcloud.pl\/wp-content\/uploads\/2025\/09\/IMG_2817-113x300.jpg 113w, https:\/\/www.verigo.hmcloud.pl\/wp-content\/uploads\/2025\/09\/IMG_2817-581x1536.jpg 581w, https:\/\/www.verigo.hmcloud.pl\/wp-content\/uploads\/2025\/09\/IMG_2817.jpg 751w\" sizes=\"auto, (max-width: 387px) 100vw, 387px\" \/><\/figure>\n<\/div>\n<\/div>\n\n\n\n<div class=\"wp-block-columns is-layout-flex wp-container-core-columns-is-layout-9d6595d7 wp-block-columns-is-layout-flex\">\n<div class=\"wp-block-column is-layout-flow wp-block-column-is-layout-flow\" style=\"flex-basis:33.33%\">\n<figure class=\"wp-block-image size-large is-resized\"><img loading=\"lazy\" decoding=\"async\" width=\"421\" height=\"1024\" src=\"http:\/\/www.verigo.hmcloud.pl\/wp-content\/uploads\/2025\/09\/IMG_2818-421x1024.jpg\" alt=\"\" class=\"wp-image-399\" style=\"width:187px;height:auto\" srcset=\"https:\/\/www.verigo.hmcloud.pl\/wp-content\/uploads\/2025\/09\/IMG_2818-421x1024.jpg 421w, https:\/\/www.verigo.hmcloud.pl\/wp-content\/uploads\/2025\/09\/IMG_2818-123x300.jpg 123w, https:\/\/www.verigo.hmcloud.pl\/wp-content\/uploads\/2025\/09\/IMG_2818-768x1867.jpg 768w, https:\/\/www.verigo.hmcloud.pl\/wp-content\/uploads\/2025\/09\/IMG_2818-632x1536.jpg 632w, https:\/\/www.verigo.hmcloud.pl\/wp-content\/uploads\/2025\/09\/IMG_2818-843x2048.jpg 843w, https:\/\/www.verigo.hmcloud.pl\/wp-content\/uploads\/2025\/09\/IMG_2818.jpg 1010w\" sizes=\"auto, (max-width: 421px) 100vw, 421px\" \/><\/figure>\n<\/div>\n\n\n\n<div class=\"wp-block-column is-layout-flow wp-block-column-is-layout-flow\" style=\"flex-basis:66.66%\">\n<p class=\"has-larger-font-size\"><\/p>\n\n\n\n<p class=\"has-larger-font-size\">w naszej ofercie mamy jeszcze p\u0142aszcze i kurtki , tzw.&#8221;pik\u00f3wki&#8221;, kt\u00f3rych poszycie nie jest z tkanin naturalnych. Zdj\u0119cia niekt\u00f3rych modeli poni\u017cej.<\/p>\n<\/div>\n<\/div>\n\n\n\n<div class=\"wp-block-columns is-layout-flex wp-container-core-columns-is-layout-9d6595d7 wp-block-columns-is-layout-flex\">\n<div class=\"wp-block-column is-layout-flow wp-block-column-is-layout-flow\">\n<figure class=\"wp-block-image size-large is-resized\"><img loading=\"lazy\" decoding=\"async\" width=\"323\" height=\"1024\" src=\"http:\/\/www.verigo.hmcloud.pl\/wp-content\/uploads\/2025\/09\/IMG_3930a-2021_03_03-12_43_45-UTC-323x1024.jpg\" alt=\"p\u0142aszcz\" class=\"wp-image-400\" style=\"width:199px;height:auto\" srcset=\"https:\/\/www.verigo.hmcloud.pl\/wp-content\/uploads\/2025\/09\/IMG_3930a-2021_03_03-12_43_45-UTC-323x1024.jpg 323w, https:\/\/www.verigo.hmcloud.pl\/wp-content\/uploads\/2025\/09\/IMG_3930a-2021_03_03-12_43_45-UTC-95x300.jpg 95w, https:\/\/www.verigo.hmcloud.pl\/wp-content\/uploads\/2025\/09\/IMG_3930a-2021_03_03-12_43_45-UTC-768x2432.jpg 768w, https:\/\/www.verigo.hmcloud.pl\/wp-content\/uploads\/2025\/09\/IMG_3930a-2021_03_03-12_43_45-UTC-485x1536.jpg 485w, https:\/\/www.verigo.hmcloud.pl\/wp-content\/uploads\/2025\/09\/IMG_3930a-2021_03_03-12_43_45-UTC-scaled.jpg 808w\" sizes=\"auto, (max-width: 323px) 100vw, 323px\" \/><\/figure>\n<\/div>\n\n\n\n<div class=\"wp-block-column is-layout-flow wp-block-column-is-layout-flow\">\n<figure class=\"wp-block-image size-large is-resized\"><img loading=\"lazy\" decoding=\"async\" width=\"363\" height=\"1024\" src=\"http:\/\/www.verigo.hmcloud.pl\/wp-content\/uploads\/2025\/09\/IMG_3938a-2021_03_03-12_43_45-UTC-363x1024.jpg\" alt=\"kurtka pik\u00f3wka\" class=\"wp-image-401\" style=\"width:216px;height:auto\" srcset=\"https:\/\/www.verigo.hmcloud.pl\/wp-content\/uploads\/2025\/09\/IMG_3938a-2021_03_03-12_43_45-UTC-363x1024.jpg 363w, https:\/\/www.verigo.hmcloud.pl\/wp-content\/uploads\/2025\/09\/IMG_3938a-2021_03_03-12_43_45-UTC-106x300.jpg 106w, https:\/\/www.verigo.hmcloud.pl\/wp-content\/uploads\/2025\/09\/IMG_3938a-2021_03_03-12_43_45-UTC-768x2164.jpg 768w, https:\/\/www.verigo.hmcloud.pl\/wp-content\/uploads\/2025\/09\/IMG_3938a-2021_03_03-12_43_45-UTC-545x1536.jpg 545w, https:\/\/www.verigo.hmcloud.pl\/wp-content\/uploads\/2025\/09\/IMG_3938a-2021_03_03-12_43_45-UTC-727x2048.jpg 727w, https:\/\/www.verigo.hmcloud.pl\/wp-content\/uploads\/2025\/09\/IMG_3938a-2021_03_03-12_43_45-UTC-scaled.jpg 908w\" sizes=\"auto, (max-width: 363px) 100vw, 363px\" \/><\/figure>\n<\/div>\n<\/div>\n\n\n\n<div class=\"wp-block-columns is-layout-flex wp-container-core-columns-is-layout-9d6595d7 wp-block-columns-is-layout-flex\">\n<div class=\"wp-block-column is-layout-flow wp-block-column-is-layout-flow\">\n<figure class=\"wp-block-image size-large is-resized\"><img loading=\"lazy\" decoding=\"async\" width=\"515\" height=\"1024\" src=\"http:\/\/www.verigo.hmcloud.pl\/wp-content\/uploads\/2025\/09\/IMG_4097a-2021_10_17-04_36_56-UTC-515x1024.jpg\" alt=\"kurtka pik\u00f3wka\" class=\"wp-image-402\" style=\"width:271px;height:auto\" srcset=\"https:\/\/www.verigo.hmcloud.pl\/wp-content\/uploads\/2025\/09\/IMG_4097a-2021_10_17-04_36_56-UTC-515x1024.jpg 515w, https:\/\/www.verigo.hmcloud.pl\/wp-content\/uploads\/2025\/09\/IMG_4097a-2021_10_17-04_36_56-UTC-151x300.jpg 151w, https:\/\/www.verigo.hmcloud.pl\/wp-content\/uploads\/2025\/09\/IMG_4097a-2021_10_17-04_36_56-UTC-768x1526.jpg 768w, https:\/\/www.verigo.hmcloud.pl\/wp-content\/uploads\/2025\/09\/IMG_4097a-2021_10_17-04_36_56-UTC-773x1536.jpg 773w, https:\/\/www.verigo.hmcloud.pl\/wp-content\/uploads\/2025\/09\/IMG_4097a-2021_10_17-04_36_56-UTC-1030x2048.jpg 1030w, https:\/\/www.verigo.hmcloud.pl\/wp-content\/uploads\/2025\/09\/IMG_4097a-2021_10_17-04_36_56-UTC-scaled.jpg 1288w\" sizes=\"auto, (max-width: 515px) 100vw, 515px\" \/><\/figure>\n<\/div>\n\n\n\n<div class=\"wp-block-column is-layout-flow wp-block-column-is-layout-flow\">\n<figure class=\"wp-block-image size-large is-resized\"><img loading=\"lazy\" decoding=\"async\" width=\"525\" height=\"1024\" src=\"http:\/\/www.verigo.hmcloud.pl\/wp-content\/uploads\/2025\/09\/IMG_4101a-2021_10_17-04_36_56-UTC-525x1024.jpg\" alt=\"kurtka pik\u00f3wka\" class=\"wp-image-403\" style=\"width:271px;height:auto\" srcset=\"https:\/\/www.verigo.hmcloud.pl\/wp-content\/uploads\/2025\/09\/IMG_4101a-2021_10_17-04_36_56-UTC-525x1024.jpg 525w, https:\/\/www.verigo.hmcloud.pl\/wp-content\/uploads\/2025\/09\/IMG_4101a-2021_10_17-04_36_56-UTC-154x300.jpg 154w, https:\/\/www.verigo.hmcloud.pl\/wp-content\/uploads\/2025\/09\/IMG_4101a-2021_10_17-04_36_56-UTC-768x1498.jpg 768w, https:\/\/www.verigo.hmcloud.pl\/wp-content\/uploads\/2025\/09\/IMG_4101a-2021_10_17-04_36_56-UTC-788x1536.jpg 788w, https:\/\/www.verigo.hmcloud.pl\/wp-content\/uploads\/2025\/09\/IMG_4101a-2021_10_17-04_36_56-UTC-1050x2048.jpg 1050w, https:\/\/www.verigo.hmcloud.pl\/wp-content\/uploads\/2025\/09\/IMG_4101a-2021_10_17-04_36_56-UTC-scaled.jpg 1313w\" sizes=\"auto, (max-width: 525px) 100vw, 525px\" \/><\/figure>\n<\/div>\n<\/div>\n\n\n\n<p><\/p>\n","protected":false},"excerpt":{"rendered":"<p>p\u0142aszcze, kurtki &#8211; nasz styl W sklepie mamy wzory \u017cakiet\u00f3w, ale w zasadzie \u017cakiety, podobnie jak p\u0142aszcze, szyjemy na zm\u00f3wienie. Jedynie l\u017cejsze kurtki i kamizelki szyjemy bez zam\u00f3wienia, do wyboru w sklepie. w naszej ofercie mamy jeszcze p\u0142aszcze i kurtki , tzw.&#8221;pik\u00f3wki&#8221;, kt\u00f3rych poszycie nie [&hellip;]<\/p>\n","protected":false},"author":1,"featured_media":0,"parent":47,"menu_order":0,"comment_status":"closed","ping_status":"closed","template":"","meta":{"footnotes":""},"class_list":["post-171","page","type-page","status-publish","hentry"],"_links":{"self":[{"href":"https:\/\/www.verigo.hmcloud.pl\/index.php\/wp-json\/wp\/v2\/pages\/171","targetHints":{"allow":["GET"]}}],"collection":[{"href":"https:\/\/www.verigo.hmcloud.pl\/index.php\/wp-json\/wp\/v2\/pages"}],"about":[{"href":"https:\/\/www.verigo.hmcloud.pl\/index.php\/wp-json\/wp\/v2\/types\/page"}],"author":[{"embeddable":true,"href":"https:\/\/www.verigo.hmcloud.pl\/index.php\/wp-json\/wp\/v2\/users\/1"}],"replies":[{"embeddable":true,"href":"https:\/\/www.verigo.hmcloud.pl\/index.php\/wp-json\/wp\/v2\/comments?post=171"}],"version-history":[{"count":9,"href":"https:\/\/www.verigo.hmcloud.pl\/index.php\/wp-json\/wp\/v2\/pages\/171\/revisions"}],"predecessor-version":[{"id":407,"href":"https:\/\/www.verigo.hmcloud.pl\/index.php\/wp-json\/wp\/v2\/pages\/171\/revisions\/407"}],"up":[{"embeddable":true,"href":"https:\/\/www.verigo.hmcloud.pl\/index.php\/wp-json\/wp\/v2\/pages\/47"}],"wp:attachment":[{"href":"https:\/\/www.verigo.hmcloud.pl\/index.php\/wp-json\/wp\/v2\/media?parent=171"}],"curies":[{"name":"wp","href":"https:\/\/api.w.org\/{rel}","templated":true}]}}