{"id":343,"date":"2025-09-17T20:15:41","date_gmt":"2025-09-17T20:15:41","guid":{"rendered":"http:\/\/www.verigo.hmcloud.pl\/?page_id=343"},"modified":"2025-09-17T20:18:46","modified_gmt":"2025-09-17T20:18:46","slug":"sukienki","status":"publish","type":"page","link":"https:\/\/www.verigo.hmcloud.pl\/index.php\/verigo-ubrania-gotowe\/sukienki\/","title":{"rendered":"sukienki"},"content":{"rendered":"\n<p>Prezentujemy wzory naszych sukienek<\/p>\n\n\n\n<div class=\"wp-block-columns is-layout-flex wp-container-core-columns-is-layout-9d6595d7 wp-block-columns-is-layout-flex\">\n<div class=\"wp-block-column is-layout-flow wp-block-column-is-layout-flow\">\n<figure class=\"wp-block-image size-large is-resized\"><img loading=\"lazy\" decoding=\"async\" width=\"444\" height=\"1024\" src=\"http:\/\/www.verigo.hmcloud.pl\/wp-content\/uploads\/2025\/09\/IMG_2719-444x1024.jpg\" alt=\"sukienka typu ma\u0142a czarna\" class=\"wp-image-344\" style=\"width:170px;height:auto\" srcset=\"https:\/\/www.verigo.hmcloud.pl\/wp-content\/uploads\/2025\/09\/IMG_2719-444x1024.jpg 444w, https:\/\/www.verigo.hmcloud.pl\/wp-content\/uploads\/2025\/09\/IMG_2719-130x300.jpg 130w, https:\/\/www.verigo.hmcloud.pl\/wp-content\/uploads\/2025\/09\/IMG_2719-768x1772.jpg 768w, https:\/\/www.verigo.hmcloud.pl\/wp-content\/uploads\/2025\/09\/IMG_2719-666x1536.jpg 666w, https:\/\/www.verigo.hmcloud.pl\/wp-content\/uploads\/2025\/09\/IMG_2719.jpg 840w\" sizes=\"auto, (max-width: 444px) 100vw, 444px\" \/><\/figure>\n<\/div>\n\n\n\n<div class=\"wp-block-column is-layout-flow wp-block-column-is-layout-flow\">\n<figure class=\"wp-block-image size-large is-resized\"><img loading=\"lazy\" decoding=\"async\" width=\"405\" height=\"1024\" src=\"http:\/\/www.verigo.hmcloud.pl\/wp-content\/uploads\/2025\/09\/IMG_2733-405x1024.jpg\" alt=\"sukienka d\u0142ugi r\u0119kaw\" class=\"wp-image-345\" style=\"width:151px;height:auto\" srcset=\"https:\/\/www.verigo.hmcloud.pl\/wp-content\/uploads\/2025\/09\/IMG_2733-405x1024.jpg 405w, https:\/\/www.verigo.hmcloud.pl\/wp-content\/uploads\/2025\/09\/IMG_2733-119x300.jpg 119w, https:\/\/www.verigo.hmcloud.pl\/wp-content\/uploads\/2025\/09\/IMG_2733-768x1944.jpg 768w, https:\/\/www.verigo.hmcloud.pl\/wp-content\/uploads\/2025\/09\/IMG_2733-607x1536.jpg 607w, https:\/\/www.verigo.hmcloud.pl\/wp-content\/uploads\/2025\/09\/IMG_2733.jpg 780w\" sizes=\"auto, (max-width: 405px) 100vw, 405px\" \/><\/figure>\n<\/div>\n\n\n\n<div class=\"wp-block-column is-layout-flow wp-block-column-is-layout-flow\">\n<figure class=\"wp-block-image size-large is-resized\"><img loading=\"lazy\" decoding=\"async\" width=\"407\" height=\"1024\" src=\"http:\/\/www.verigo.hmcloud.pl\/wp-content\/uploads\/2025\/09\/IMG_2828-407x1024.jpg\" alt=\"sukienka d\u0142ugi r\u0119kaw\" class=\"wp-image-346\" style=\"width:152px;height:auto\" srcset=\"https:\/\/www.verigo.hmcloud.pl\/wp-content\/uploads\/2025\/09\/IMG_2828-407x1024.jpg 407w, https:\/\/www.verigo.hmcloud.pl\/wp-content\/uploads\/2025\/09\/IMG_2828-119x300.jpg 119w, https:\/\/www.verigo.hmcloud.pl\/wp-content\/uploads\/2025\/09\/IMG_2828-611x1536.jpg 611w, https:\/\/www.verigo.hmcloud.pl\/wp-content\/uploads\/2025\/09\/IMG_2828.jpg 768w\" sizes=\"auto, (max-width: 407px) 100vw, 407px\" \/><\/figure>\n<\/div>\n<\/div>\n\n\n\n<div class=\"wp-block-columns is-layout-flex wp-container-core-columns-is-layout-9d6595d7 wp-block-columns-is-layout-flex\">\n<div class=\"wp-block-column is-layout-flow wp-block-column-is-layout-flow\">\n<figure class=\"wp-block-image size-large is-resized\"><img loading=\"lazy\" decoding=\"async\" width=\"431\" height=\"1024\" src=\"http:\/\/www.verigo.hmcloud.pl\/wp-content\/uploads\/2025\/09\/IMG_2735-431x1024.jpg\" alt=\"sukienka koronkowa\" class=\"wp-image-347\" style=\"width:163px;height:auto\" srcset=\"https:\/\/www.verigo.hmcloud.pl\/wp-content\/uploads\/2025\/09\/IMG_2735-431x1024.jpg 431w, https:\/\/www.verigo.hmcloud.pl\/wp-content\/uploads\/2025\/09\/IMG_2735-126x300.jpg 126w, https:\/\/www.verigo.hmcloud.pl\/wp-content\/uploads\/2025\/09\/IMG_2735-768x1823.jpg 768w, https:\/\/www.verigo.hmcloud.pl\/wp-content\/uploads\/2025\/09\/IMG_2735-647x1536.jpg 647w, https:\/\/www.verigo.hmcloud.pl\/wp-content\/uploads\/2025\/09\/IMG_2735.jpg 828w\" sizes=\"auto, (max-width: 431px) 100vw, 431px\" \/><\/figure>\n<\/div>\n\n\n\n<div class=\"wp-block-column is-layout-flow wp-block-column-is-layout-flow\">\n<figure class=\"wp-block-image size-large is-resized\"><img loading=\"lazy\" decoding=\"async\" width=\"305\" height=\"1024\" src=\"http:\/\/www.verigo.hmcloud.pl\/wp-content\/uploads\/2025\/09\/IMG_3096a-305x1024.jpg\" alt=\"sukienka ze skrzyde\u0142kami\" class=\"wp-image-348\" style=\"width:114px;height:auto\" srcset=\"https:\/\/www.verigo.hmcloud.pl\/wp-content\/uploads\/2025\/09\/IMG_3096a-305x1024.jpg 305w, https:\/\/www.verigo.hmcloud.pl\/wp-content\/uploads\/2025\/09\/IMG_3096a-89x300.jpg 89w, https:\/\/www.verigo.hmcloud.pl\/wp-content\/uploads\/2025\/09\/IMG_3096a-768x2575.jpg 768w, https:\/\/www.verigo.hmcloud.pl\/wp-content\/uploads\/2025\/09\/IMG_3096a-458x1536.jpg 458w, https:\/\/www.verigo.hmcloud.pl\/wp-content\/uploads\/2025\/09\/IMG_3096a-scaled.jpg 763w\" sizes=\"auto, (max-width: 305px) 100vw, 305px\" \/><\/figure>\n<\/div>\n\n\n\n<div class=\"wp-block-column is-layout-flow wp-block-column-is-layout-flow\">\n<figure class=\"wp-block-image size-large is-resized\"><img loading=\"lazy\" decoding=\"async\" width=\"437\" height=\"1024\" src=\"http:\/\/www.verigo.hmcloud.pl\/wp-content\/uploads\/2025\/09\/IMG_2781-437x1024.jpg\" alt=\"sukienka czarna\" class=\"wp-image-349\" style=\"width:162px;height:auto\" srcset=\"https:\/\/www.verigo.hmcloud.pl\/wp-content\/uploads\/2025\/09\/IMG_2781-437x1024.jpg 437w, https:\/\/www.verigo.hmcloud.pl\/wp-content\/uploads\/2025\/09\/IMG_2781-128x300.jpg 128w, https:\/\/www.verigo.hmcloud.pl\/wp-content\/uploads\/2025\/09\/IMG_2781-768x1801.jpg 768w, https:\/\/www.verigo.hmcloud.pl\/wp-content\/uploads\/2025\/09\/IMG_2781-655x1536.jpg 655w, https:\/\/www.verigo.hmcloud.pl\/wp-content\/uploads\/2025\/09\/IMG_2781.jpg 834w\" sizes=\"auto, (max-width: 437px) 100vw, 437px\" \/><\/figure>\n<\/div>\n<\/div>\n\n\n\n<div class=\"wp-block-columns is-layout-flex wp-container-core-columns-is-layout-9d6595d7 wp-block-columns-is-layout-flex\">\n<div class=\"wp-block-column is-layout-flow wp-block-column-is-layout-flow\">\n<figure class=\"wp-block-image size-large is-resized\"><img loading=\"lazy\" decoding=\"async\" width=\"302\" height=\"1024\" src=\"http:\/\/www.verigo.hmcloud.pl\/wp-content\/uploads\/2025\/09\/IMG_3098a-302x1024.jpg\" alt=\"sukienka z falbank\u0105\" class=\"wp-image-350\" style=\"width:134px;height:auto\" srcset=\"https:\/\/www.verigo.hmcloud.pl\/wp-content\/uploads\/2025\/09\/IMG_3098a-302x1024.jpg 302w, https:\/\/www.verigo.hmcloud.pl\/wp-content\/uploads\/2025\/09\/IMG_3098a-768x2606.jpg 768w, https:\/\/www.verigo.hmcloud.pl\/wp-content\/uploads\/2025\/09\/IMG_3098a-453x1536.jpg 453w, https:\/\/www.verigo.hmcloud.pl\/wp-content\/uploads\/2025\/09\/IMG_3098a-604x2048.jpg 604w, https:\/\/www.verigo.hmcloud.pl\/wp-content\/uploads\/2025\/09\/IMG_3098a-scaled.jpg 754w\" sizes=\"auto, (max-width: 302px) 100vw, 302px\" \/><\/figure>\n<\/div>\n\n\n\n<div class=\"wp-block-column is-layout-flow wp-block-column-is-layout-flow\">\n<figure class=\"wp-block-image size-large is-resized\"><img loading=\"lazy\" decoding=\"async\" width=\"318\" height=\"1024\" src=\"http:\/\/www.verigo.hmcloud.pl\/wp-content\/uploads\/2025\/09\/IMG_3100a-318x1024.jpg\" alt=\"sukienka zd\u0142ugim r\u0119kawem\" class=\"wp-image-351\" style=\"width:139px;height:auto\" srcset=\"https:\/\/www.verigo.hmcloud.pl\/wp-content\/uploads\/2025\/09\/IMG_3100a-318x1024.jpg 318w, https:\/\/www.verigo.hmcloud.pl\/wp-content\/uploads\/2025\/09\/IMG_3100a-93x300.jpg 93w, https:\/\/www.verigo.hmcloud.pl\/wp-content\/uploads\/2025\/09\/IMG_3100a-768x2471.jpg 768w, https:\/\/www.verigo.hmcloud.pl\/wp-content\/uploads\/2025\/09\/IMG_3100a-477x1536.jpg 477w, https:\/\/www.verigo.hmcloud.pl\/wp-content\/uploads\/2025\/09\/IMG_3100a-scaled.jpg 796w\" sizes=\"auto, (max-width: 318px) 100vw, 318px\" \/><\/figure>\n<\/div>\n\n\n\n<div class=\"wp-block-column is-layout-flow wp-block-column-is-layout-flow\">\n<figure class=\"wp-block-image size-large\"><img loading=\"lazy\" decoding=\"async\" width=\"589\" height=\"1024\" src=\"http:\/\/www.verigo.hmcloud.pl\/wp-content\/uploads\/2025\/09\/IMG_3102a-589x1024.jpg\" alt=\"sukienka bez r\u0119kaw\u00f3w\" class=\"wp-image-352\" srcset=\"https:\/\/www.verigo.hmcloud.pl\/wp-content\/uploads\/2025\/09\/IMG_3102a-589x1024.jpg 589w, https:\/\/www.verigo.hmcloud.pl\/wp-content\/uploads\/2025\/09\/IMG_3102a-173x300.jpg 173w, https:\/\/www.verigo.hmcloud.pl\/wp-content\/uploads\/2025\/09\/IMG_3102a-768x1336.jpg 768w, https:\/\/www.verigo.hmcloud.pl\/wp-content\/uploads\/2025\/09\/IMG_3102a-883x1536.jpg 883w, https:\/\/www.verigo.hmcloud.pl\/wp-content\/uploads\/2025\/09\/IMG_3102a.jpg 1150w\" sizes=\"auto, (max-width: 589px) 100vw, 589px\" \/><\/figure>\n<\/div>\n<\/div>\n\n\n\n<div class=\"wp-block-columns is-layout-flex wp-container-core-columns-is-layout-9d6595d7 wp-block-columns-is-layout-flex\">\n<div class=\"wp-block-column is-layout-flow wp-block-column-is-layout-flow\">\n<figure class=\"wp-block-image size-large\"><img loading=\"lazy\" decoding=\"async\" width=\"589\" height=\"1024\" src=\"http:\/\/www.verigo.hmcloud.pl\/wp-content\/uploads\/2025\/09\/IMG_3111a-589x1024.jpg\" alt=\"sukienka z kr\u00f3tkim r\u0119kawem\" class=\"wp-image-353\" srcset=\"https:\/\/www.verigo.hmcloud.pl\/wp-content\/uploads\/2025\/09\/IMG_3111a-589x1024.jpg 589w, https:\/\/www.verigo.hmcloud.pl\/wp-content\/uploads\/2025\/09\/IMG_3111a-173x300.jpg 173w, https:\/\/www.verigo.hmcloud.pl\/wp-content\/uploads\/2025\/09\/IMG_3111a-768x1336.jpg 768w, https:\/\/www.verigo.hmcloud.pl\/wp-content\/uploads\/2025\/09\/IMG_3111a-883x1536.jpg 883w, https:\/\/www.verigo.hmcloud.pl\/wp-content\/uploads\/2025\/09\/IMG_3111a.jpg 1150w\" sizes=\"auto, (max-width: 589px) 100vw, 589px\" \/><\/figure>\n<\/div>\n\n\n\n<div class=\"wp-block-column is-layout-flow wp-block-column-is-layout-flow\">\n<figure class=\"wp-block-image size-large is-resized\"><img loading=\"lazy\" decoding=\"async\" width=\"301\" height=\"1024\" src=\"http:\/\/www.verigo.hmcloud.pl\/wp-content\/uploads\/2025\/09\/IMG_3114a-301x1024.jpg\" alt=\"sukienka z d\u0142ugim r\u0119kawem\" class=\"wp-image-354\" style=\"width:132px;height:auto\" srcset=\"https:\/\/www.verigo.hmcloud.pl\/wp-content\/uploads\/2025\/09\/IMG_3114a-301x1024.jpg 301w, https:\/\/www.verigo.hmcloud.pl\/wp-content\/uploads\/2025\/09\/IMG_3114a-88x300.jpg 88w, https:\/\/www.verigo.hmcloud.pl\/wp-content\/uploads\/2025\/09\/IMG_3114a-768x2611.jpg 768w, https:\/\/www.verigo.hmcloud.pl\/wp-content\/uploads\/2025\/09\/IMG_3114a-452x1536.jpg 452w, https:\/\/www.verigo.hmcloud.pl\/wp-content\/uploads\/2025\/09\/IMG_3114a-602x2048.jpg 602w, https:\/\/www.verigo.hmcloud.pl\/wp-content\/uploads\/2025\/09\/IMG_3114a-scaled.jpg 753w\" sizes=\"auto, (max-width: 301px) 100vw, 301px\" \/><\/figure>\n<\/div>\n\n\n\n<div class=\"wp-block-column is-layout-flow wp-block-column-is-layout-flow\">\n<figure class=\"wp-block-image size-large is-resized\"><img loading=\"lazy\" decoding=\"async\" width=\"307\" height=\"1024\" src=\"http:\/\/www.verigo.hmcloud.pl\/wp-content\/uploads\/2025\/09\/IMG_3135a-307x1024.jpg\" alt=\"sukienka w grochy\" class=\"wp-image-355\" style=\"width:132px;height:auto\" srcset=\"https:\/\/www.verigo.hmcloud.pl\/wp-content\/uploads\/2025\/09\/IMG_3135a-307x1024.jpg 307w, https:\/\/www.verigo.hmcloud.pl\/wp-content\/uploads\/2025\/09\/IMG_3135a-90x300.jpg 90w, https:\/\/www.verigo.hmcloud.pl\/wp-content\/uploads\/2025\/09\/IMG_3135a-768x2565.jpg 768w, https:\/\/www.verigo.hmcloud.pl\/wp-content\/uploads\/2025\/09\/IMG_3135a-460x1536.jpg 460w\" sizes=\"auto, (max-width: 307px) 100vw, 307px\" \/><\/figure>\n<\/div>\n<\/div>\n\n\n\n<div class=\"wp-block-columns is-layout-flex wp-container-core-columns-is-layout-9d6595d7 wp-block-columns-is-layout-flex\">\n<div class=\"wp-block-column is-layout-flow wp-block-column-is-layout-flow\">\n<figure class=\"wp-block-image size-large is-resized\"><img loading=\"lazy\" decoding=\"async\" width=\"277\" height=\"1024\" src=\"http:\/\/www.verigo.hmcloud.pl\/wp-content\/uploads\/2025\/09\/IMG_3137a-277x1024.jpg\" alt=\"sukienka z kr\u00f3tkim r\u0119kawem\" class=\"wp-image-356\" style=\"width:141px;height:auto\" srcset=\"https:\/\/www.verigo.hmcloud.pl\/wp-content\/uploads\/2025\/09\/IMG_3137a-277x1024.jpg 277w, https:\/\/www.verigo.hmcloud.pl\/wp-content\/uploads\/2025\/09\/IMG_3137a-81x300.jpg 81w, https:\/\/www.verigo.hmcloud.pl\/wp-content\/uploads\/2025\/09\/IMG_3137a-768x2836.jpg 768w, https:\/\/www.verigo.hmcloud.pl\/wp-content\/uploads\/2025\/09\/IMG_3137a-416x1536.jpg 416w, https:\/\/www.verigo.hmcloud.pl\/wp-content\/uploads\/2025\/09\/IMG_3137a-scaled.jpg 693w\" sizes=\"auto, (max-width: 277px) 100vw, 277px\" \/><\/figure>\n<\/div>\n\n\n\n<div class=\"wp-block-column is-layout-flow wp-block-column-is-layout-flow\">\n<figure class=\"wp-block-image size-large is-resized\"><img loading=\"lazy\" decoding=\"async\" width=\"296\" height=\"1024\" src=\"http:\/\/www.verigo.hmcloud.pl\/wp-content\/uploads\/2025\/09\/IMG_3173a-296x1024.jpg\" alt=\"sukienka z d\u0142ugim r\u0119kawem\" class=\"wp-image-357\" style=\"width:152px;height:auto\" srcset=\"https:\/\/www.verigo.hmcloud.pl\/wp-content\/uploads\/2025\/09\/IMG_3173a-296x1024.jpg 296w, https:\/\/www.verigo.hmcloud.pl\/wp-content\/uploads\/2025\/09\/IMG_3173a-87x300.jpg 87w, https:\/\/www.verigo.hmcloud.pl\/wp-content\/uploads\/2025\/09\/IMG_3173a-768x2656.jpg 768w, https:\/\/www.verigo.hmcloud.pl\/wp-content\/uploads\/2025\/09\/IMG_3173a-444x1536.jpg 444w, https:\/\/www.verigo.hmcloud.pl\/wp-content\/uploads\/2025\/09\/IMG_3173a-592x2048.jpg 592w, https:\/\/www.verigo.hmcloud.pl\/wp-content\/uploads\/2025\/09\/IMG_3173a-scaled.jpg 740w\" sizes=\"auto, (max-width: 296px) 100vw, 296px\" \/><\/figure>\n<\/div>\n\n\n\n<div class=\"wp-block-column is-layout-flow wp-block-column-is-layout-flow\">\n<figure class=\"wp-block-image size-large is-resized\"><img loading=\"lazy\" decoding=\"async\" width=\"300\" height=\"1024\" src=\"http:\/\/www.verigo.hmcloud.pl\/wp-content\/uploads\/2025\/09\/IMG_3175a-300x1024.jpg\" alt=\"sukienka z d\u0142ugim r\u0119kawem\" class=\"wp-image-358\" style=\"width:152px;height:auto\" srcset=\"https:\/\/www.verigo.hmcloud.pl\/wp-content\/uploads\/2025\/09\/IMG_3175a-300x1024.jpg 300w, https:\/\/www.verigo.hmcloud.pl\/wp-content\/uploads\/2025\/09\/IMG_3175a-88x300.jpg 88w, https:\/\/www.verigo.hmcloud.pl\/wp-content\/uploads\/2025\/09\/IMG_3175a-scaled.jpg 751w\" sizes=\"auto, (max-width: 300px) 100vw, 300px\" \/><\/figure>\n<\/div>\n<\/div>\n\n\n\n<div class=\"wp-block-columns is-layout-flex wp-container-core-columns-is-layout-9d6595d7 wp-block-columns-is-layout-flex\">\n<div class=\"wp-block-column is-layout-flow wp-block-column-is-layout-flow\">\n<figure class=\"wp-block-image size-large is-resized\"><img loading=\"lazy\" decoding=\"async\" width=\"274\" height=\"1024\" src=\"http:\/\/www.verigo.hmcloud.pl\/wp-content\/uploads\/2025\/09\/IMG_3293a-274x1024.jpg\" alt=\"sukienka z d\u0142ugim r\u0119kawem\" class=\"wp-image-359\" style=\"width:146px;height:auto\" srcset=\"https:\/\/www.verigo.hmcloud.pl\/wp-content\/uploads\/2025\/09\/IMG_3293a-274x1024.jpg 274w, https:\/\/www.verigo.hmcloud.pl\/wp-content\/uploads\/2025\/09\/IMG_3293a-80x300.jpg 80w, https:\/\/www.verigo.hmcloud.pl\/wp-content\/uploads\/2025\/09\/IMG_3293a-768x2868.jpg 768w, https:\/\/www.verigo.hmcloud.pl\/wp-content\/uploads\/2025\/09\/IMG_3293a-411x1536.jpg 411w, https:\/\/www.verigo.hmcloud.pl\/wp-content\/uploads\/2025\/09\/IMG_3293a-scaled.jpg 686w\" sizes=\"auto, (max-width: 274px) 100vw, 274px\" \/><\/figure>\n<\/div>\n\n\n\n<div class=\"wp-block-column is-layout-flow wp-block-column-is-layout-flow\">\n<figure class=\"wp-block-image size-large is-resized\"><img loading=\"lazy\" decoding=\"async\" width=\"328\" height=\"1024\" src=\"http:\/\/www.verigo.hmcloud.pl\/wp-content\/uploads\/2025\/09\/IMG_3294a-328x1024.jpg\" alt=\"sukienka z d\u0142ugim r\u0119kawem\" class=\"wp-image-360\" style=\"width:176px;height:auto\" srcset=\"https:\/\/www.verigo.hmcloud.pl\/wp-content\/uploads\/2025\/09\/IMG_3294a-328x1024.jpg 328w, https:\/\/www.verigo.hmcloud.pl\/wp-content\/uploads\/2025\/09\/IMG_3294a-96x300.jpg 96w, https:\/\/www.verigo.hmcloud.pl\/wp-content\/uploads\/2025\/09\/IMG_3294a-768x2401.jpg 768w, https:\/\/www.verigo.hmcloud.pl\/wp-content\/uploads\/2025\/09\/IMG_3294a-scaled.jpg 819w\" sizes=\"auto, (max-width: 328px) 100vw, 328px\" \/><\/figure>\n<\/div>\n\n\n\n<div class=\"wp-block-column is-layout-flow wp-block-column-is-layout-flow\">\n<figure class=\"wp-block-image size-large is-resized\"><img loading=\"lazy\" decoding=\"async\" width=\"279\" height=\"1024\" src=\"http:\/\/www.verigo.hmcloud.pl\/wp-content\/uploads\/2025\/09\/sukienka-z-krotkimrekawem-279x1024.jpg\" alt=\"sukienka z kr\u00f3tkim r\u0119kawem\" class=\"wp-image-361\" style=\"width:148px;height:auto\" srcset=\"https:\/\/www.verigo.hmcloud.pl\/wp-content\/uploads\/2025\/09\/sukienka-z-krotkimrekawem-279x1024.jpg 279w, https:\/\/www.verigo.hmcloud.pl\/wp-content\/uploads\/2025\/09\/sukienka-z-krotkimrekawem-82x300.jpg 82w, https:\/\/www.verigo.hmcloud.pl\/wp-content\/uploads\/2025\/09\/sukienka-z-krotkimrekawem-419x1536.jpg 419w\" sizes=\"auto, (max-width: 279px) 100vw, 279px\" \/><\/figure>\n<\/div>\n<\/div>\n\n\n\n<div class=\"wp-block-columns is-layout-flex wp-container-core-columns-is-layout-9d6595d7 wp-block-columns-is-layout-flex\">\n<div class=\"wp-block-column is-layout-flow wp-block-column-is-layout-flow\">\n<figure class=\"wp-block-image size-full is-resized\"><img loading=\"lazy\" decoding=\"async\" width=\"216\" height=\"579\" src=\"http:\/\/www.verigo.hmcloud.pl\/wp-content\/uploads\/2025\/09\/IMG_20230418_171318_01.jpg\" alt=\"sukienka kr\u00f3tki r\u0119kaw\" class=\"wp-image-363\" style=\"width:152px;height:auto\" srcset=\"https:\/\/www.verigo.hmcloud.pl\/wp-content\/uploads\/2025\/09\/IMG_20230418_171318_01.jpg 216w, https:\/\/www.verigo.hmcloud.pl\/wp-content\/uploads\/2025\/09\/IMG_20230418_171318_01-112x300.jpg 112w\" sizes=\"auto, (max-width: 216px) 100vw, 216px\" \/><\/figure>\n<\/div>\n\n\n\n<div class=\"wp-block-column is-layout-flow wp-block-column-is-layout-flow\">\n<figure class=\"wp-block-image size-large is-resized\"><img loading=\"lazy\" decoding=\"async\" width=\"388\" height=\"1024\" src=\"http:\/\/www.verigo.hmcloud.pl\/wp-content\/uploads\/2025\/09\/IMG_0663-388x1024.jpg\" alt=\"sukienka odcinana\" class=\"wp-image-364\" style=\"width:153px;height:auto\" srcset=\"https:\/\/www.verigo.hmcloud.pl\/wp-content\/uploads\/2025\/09\/IMG_0663-388x1024.jpg 388w, https:\/\/www.verigo.hmcloud.pl\/wp-content\/uploads\/2025\/09\/IMG_0663-114x300.jpg 114w, https:\/\/www.verigo.hmcloud.pl\/wp-content\/uploads\/2025\/09\/IMG_0663-768x2028.jpg 768w, https:\/\/www.verigo.hmcloud.pl\/wp-content\/uploads\/2025\/09\/IMG_0663-582x1536.jpg 582w, https:\/\/www.verigo.hmcloud.pl\/wp-content\/uploads\/2025\/09\/IMG_0663-775x2048.jpg 775w, https:\/\/www.verigo.hmcloud.pl\/wp-content\/uploads\/2025\/09\/IMG_0663-scaled.jpg 969w\" sizes=\"auto, (max-width: 388px) 100vw, 388px\" \/><\/figure>\n<\/div>\n\n\n\n<div class=\"wp-block-column is-layout-flow wp-block-column-is-layout-flow\">\n<figure class=\"wp-block-image size-large is-resized\"><img loading=\"lazy\" decoding=\"async\" width=\"426\" height=\"1024\" src=\"http:\/\/www.verigo.hmcloud.pl\/wp-content\/uploads\/2025\/09\/IMG_0629-426x1024.jpg\" alt=\"sukienka bez r\u0119kaw\u00f3w\" class=\"wp-image-365\" style=\"width:168px;height:auto\" srcset=\"https:\/\/www.verigo.hmcloud.pl\/wp-content\/uploads\/2025\/09\/IMG_0629-426x1024.jpg 426w, https:\/\/www.verigo.hmcloud.pl\/wp-content\/uploads\/2025\/09\/IMG_0629-125x300.jpg 125w, https:\/\/www.verigo.hmcloud.pl\/wp-content\/uploads\/2025\/09\/IMG_0629-768x1846.jpg 768w, https:\/\/www.verigo.hmcloud.pl\/wp-content\/uploads\/2025\/09\/IMG_0629-639x1536.jpg 639w, https:\/\/www.verigo.hmcloud.pl\/wp-content\/uploads\/2025\/09\/IMG_0629-852x2048.jpg 852w, https:\/\/www.verigo.hmcloud.pl\/wp-content\/uploads\/2025\/09\/IMG_0629-scaled.jpg 1065w\" sizes=\"auto, (max-width: 426px) 100vw, 426px\" \/><\/figure>\n<\/div>\n<\/div>\n\n\n\n<p>Sukienki szyjemy po jednej w rozmiarze i ich nie powtarzamy. Bie\u017c\u0105ce dostawy, nowo\u015bci mo\u017cna zobaczy\u0107 na facebook`u pod adresem verigo odzie\u017c damska- ikonka poni\u017cej. <\/p>\n","protected":false},"excerpt":{"rendered":"<p>Prezentujemy wzory naszych sukienek Sukienki szyjemy po jednej w rozmiarze i ich nie powtarzamy. Bie\u017c\u0105ce dostawy, nowo\u015bci mo\u017cna zobaczy\u0107 na facebook`u pod adresem verigo odzie\u017c damska- ikonka poni\u017cej.<\/p>\n","protected":false},"author":1,"featured_media":0,"parent":47,"menu_order":0,"comment_status":"closed","ping_status":"closed","template":"","meta":{"footnotes":""},"class_list":["post-343","page","type-page","status-publish","hentry"],"_links":{"self":[{"href":"https:\/\/www.verigo.hmcloud.pl\/index.php\/wp-json\/wp\/v2\/pages\/343","targetHints":{"allow":["GET"]}}],"collection":[{"href":"https:\/\/www.verigo.hmcloud.pl\/index.php\/wp-json\/wp\/v2\/pages"}],"about":[{"href":"https:\/\/www.verigo.hmcloud.pl\/index.php\/wp-json\/wp\/v2\/types\/page"}],"author":[{"embeddable":true,"href":"https:\/\/www.verigo.hmcloud.pl\/index.php\/wp-json\/wp\/v2\/users\/1"}],"replies":[{"embeddable":true,"href":"https:\/\/www.verigo.hmcloud.pl\/index.php\/wp-json\/wp\/v2\/comments?post=343"}],"version-history":[{"count":2,"href":"https:\/\/www.verigo.hmcloud.pl\/index.php\/wp-json\/wp\/v2\/pages\/343\/revisions"}],"predecessor-version":[{"id":369,"href":"https:\/\/www.verigo.hmcloud.pl\/index.php\/wp-json\/wp\/v2\/pages\/343\/revisions\/369"}],"up":[{"embeddable":true,"href":"https:\/\/www.verigo.hmcloud.pl\/index.php\/wp-json\/wp\/v2\/pages\/47"}],"wp:attachment":[{"href":"https:\/\/www.verigo.hmcloud.pl\/index.php\/wp-json\/wp\/v2\/media?parent=343"}],"curies":[{"name":"wp","href":"https:\/\/api.w.org\/{rel}","templated":true}]}}